{"id":3232,"date":"2017-06-08T09:34:41","date_gmt":"2017-06-08T09:34:41","guid":{"rendered":"https:\/\/themes.themegoods.com\/grandspa\/demo\/?page_id=3232"},"modified":"2025-10-10T09:15:40","modified_gmt":"2025-10-10T07:15:40","slug":"accueil","status":"publish","type":"page","link":"https:\/\/holistimeli.com\/","title":{"rendered":"accueil"},"content":{"rendered":"<div  class=\"one fullwidth \"><\/div>\n<div class=\"divider one\">&nbsp;<\/div>\n<div class=\"divider one\">&nbsp;<\/div>\n<div  class=\"one withsmallpadding ppb_header \" style=\"text-align:center;padding:40px 0 40px 0;\" >\n<div class=\"standard_wrapper\">\n<div class=\"page_content_wrapper wide\">\n<div class=\"inner\">\n<div style=\"margin:auto;width:100%\">\n<h2 class=\"ppb_title\" style=\"color:#efa697;\">&quot;J&#039;aide \u00e0 am\u00e9liorer la vie quotidienne des femmes souffrant de douleurs physiques ou \u00e9motionnelles&quot;<\/h2>\n<\/div>\n<\/div>\n<\/div>\n<\/div>\n<\/div>\n<div class=\"standard_wrapper\">\n<div class=\"one withsmallpadding ppb_line_divider\"  style=\"text-align:center;padding:0px 0 0px 0;margin-bottom:40px;\" >\n<div class=\"page_content_wrapper wide\">\n<div class=\"inner\">\n<div class=\"line_divider_border\" style=\"width:100px;\"><\/div>\n<div class=\"line_divider_seperator\"><i class=\"fa fa-leaf\" style=\"color:#efa697;\"><\/i><\/div>\n<div class=\"line_divider_border\" style=\"width:100px;\"><\/div>\n<\/div>\n<\/div>\n<\/div>\n<\/div>\n<div  class=\"one withsmallpadding ppb_header \" style=\"text-align:left;padding:30px 0 30px 0;\" >\n<div class=\"standard_wrapper\">\n<div class=\"page_content_wrapper wide\">\n<div class=\"inner\">\n<div style=\"margin:auto;width:100%\"><\/div>\n<\/div>\n<\/div>\n<\/div>\n<\/div>\n<div  class=\"one withsmallpadding ppb_content_half_bg withbg parallax \" style=\"background-image:url(http:\/\/holistimeli.com\/wp-content\/uploads\/2024\/12\/Holisti_Meli_BD-90b.jpg);background-position: center top;padding:40px 0 40px 0;\" >\n<div class=\"standard_wrapper\">\n<div class=\"page_content_wrapper wide\">\n<div class=\"inner\">\n<div class=\"one_half_bg parallax_text\" style=\"background:#ffffff;background:rgb(255,255,255,1);background:rgba(255,255,255,1);\" data-stellar-ratio=\"1.3\">\n<div class=\"ppb_header_content\">\n<p><strong>Je me pr\u00e9sente, je m&rsquo;appelle Melina, passionn\u00e9e par le bien-\u00eatre.<\/strong><br \/>\nEn tant que r\u00e9flexologue plantaire, massoth\u00e9rapeute et praticienne certifi\u00e9e Renata Fran\u00e7a en drainage lymphatique et Miracle Face, j&rsquo;aide \u00e0 am\u00e9liorer la vie quotidienne des femmes souffrant de douleurs physiques ou \u00e9motionnelles en leur proposant des alternatives bien-\u00eatre.<\/p>\n<p>Mes soins vous permettent de r\u00e9duire votre inconfort, de renforcer votre immunit\u00e9 et d&rsquo;am\u00e9liorer votre sommeil en quelques s\u00e9ances seulement.<\/p>\n<p>N&rsquo;h\u00e9sitez pas \u00e0 me poser vos questions, je serai ravie de vous conseiller le soin le plus adapt\u00e9 \u00e0 vos besoins.<\/p>\n<p>Au plaisir de prendre soin de vous,<\/p>\n<p>Melina<\/p>\n<p><em>Certifi\u00e9e en massoth\u00e9rapie: Diopro <\/em><br \/>\n<em>Certifi\u00e9e en r\u00e9flexologie plantaire: Patricia Silberfeld<\/em><br \/>\n<em>Certifi\u00e9e en drainage lymphatique du corps &#038; miracle face: M\u00e9thode Renata Fran\u00e7a <\/em><br \/>\n<em>Certifi\u00e9e en Stretching facial: M\u00e9thode LB Facialistes <\/em><\/p>\n<\/div>\n<\/div>\n<\/div>\n<\/div>\n<\/div>\n<\/div>\n<div class=\"divider one\">&nbsp;<\/div>\n<div class=\"divider one\">&nbsp;<\/div>\n<div  class=\"one ppb_card_two_cols_with_image\" style=\"position:relative;padding:40px 0 40px 0;margin-top:60px;margin-bottom:60px;\" >\n<div class=\"standard_wrapper\">\n<div class=\"page_content_wrapper wide\">\n<div class=\"inner\">\n<div class=\"one_half parallax_scroll parallax_text\" style=\"width:40%;position:absolute;padding:40px;z-index:2;block !important;background:#fff;\" data-stellar-ratio=\"1.3\">\n<h2 class=\"ppb_title\" style=\"color:#efc7ab;\">La R\u00e9flexologie plantaire<\/h2>\n<div class=\"ppb_header_content\">\n<p>La r\u00e9flexologie plantaire est une technique d\u2019acupression appliqu\u00e9e aux pieds, qui stimule des zones r\u00e9flexes correspondant aux organes et syst\u00e8mes du corps. Cette th\u00e9rapie holistique aide \u00e0 d\u00e9toxifier le corps et l\u2019esprit, r\u00e9duit le stress, renforce l\u2019immunit\u00e9 et am\u00e9liore le sommeil,..<\/p>\n<p><a href=\"https:\/\/holistimeli.com\/index.php\/reflexologie-plantaire\/\" title=\"En savoir plus\" rel=\"noopener\" target=\"_self\">En savoir plus<\/a><\/p>\n<\/div>\n<\/div>\n<div class=\"one_half parallax_scroll_image last\" style=\"width:65%;\">\n<div class=\"image_classic_frame expand\">\n<div class=\"image_wrapper\"><img decoding=\"async\" src=\"http:\/\/holistimeli.com\/wp-content\/uploads\/2024\/11\/Holisti_Meli_BD-25-1.jpg\" alt=\"\" class=\"portfolio_img\"\/><\/div>\n<\/div>\n<\/div>\n<p><br class=\"clear\"\/><\/div>\n<\/div>\n<\/div>\n<\/div>\n<\/div>\n<div  class=\"one withsmallpadding ppb_header \" style=\"text-align:center;padding:40px 0 40px 0;\" >\n<div class=\"standard_wrapper\">\n<div class=\"page_content_wrapper wide\">\n<div class=\"inner\">\n<div style=\"margin:auto;width:100%\">\n<div class=\"page_tagline\" style=\"\">La r\u00e9flexologie plantaire est une technique d&#039;acupression douce qui stimule des zones sp\u00e9cifiques du pied, agissant sur l&#039;ensemble du corps pour soulager stress, douleurs et am\u00e9liorer le bien-\u00eatre.<\/div>\n<\/div>\n<\/div>\n<\/div>\n<\/div>\n<\/div>\n<div  class=\"one ppb_image_fullwidth\" style=\"padding:40px 0 40px 0;\" >\n<div class=\"one withbg\" style=\"background-image:url(http:\/\/holistimeli.com\/wp-content\/uploads\/2024\/11\/Holisti_Meli_BD-04.jpg);background-size:cover;background-position:center center;height:600px;position:relative;\"><\/div>\n<\/div>\n<div  class=\"one ppb_card_two_cols_with_image\" style=\"position:relative;padding:40px 0 40px 0;margin-top:60px;margin-bottom:60px;\" >\n<div class=\"standard_wrapper\">\n<div class=\"page_content_wrapper wide\">\n<div class=\"inner\">\n<div class=\"one_half parallax_scroll_image\" style=\"width:65%;\">\n<div class=\"image_classic_frame expand\">\n<div class=\"image_wrapper\"><img decoding=\"async\" src=\"http:\/\/holistimeli.com\/wp-content\/uploads\/2024\/11\/Holisti_Meli_BD-69-scaled.jpg\" alt=\"\" class=\"portfolio_img\"\/><\/div>\n<\/div>\n<\/div>\n<div class=\"one_half last parallax_scroll parallax_text\" style=\"width:40%;position:absolute;padding:40px;background:#fff;\" data-stellar-ratio=\"1.3\">\n<h2 class=\"ppb_title\" style=\"color:#efc7ab;\">La Massoth\u00e9rapie<\/h2>\n<div class=\"ppb_header_content\">\n<p>La massoth\u00e9rapie est une technique de massage qui permet au corps et au mental de r\u00e9duire les tensions musculaires, les courbatures, et am\u00e9liore la circulation sanguine.<br \/>\nCe soin favorise la relaxation profonde, apaise et contribue au bien-\u00eatre global<\/p>\n<p><a href=\"https:\/\/holistimeli.com\/index.php\/massotherapie\/\" title=\"En savoir plus\" rel=\"noopener\" target=\"_self\">En savoir plus<\/a><\/p>\n<\/div>\n<\/div>\n<p><br class=\"clear\"\/><\/div>\n<\/div>\n<\/div>\n<\/div>\n<\/div>\n<div  class=\"one ppb_image_fullwidth\" style=\"padding:40px 0 40px 0;\" >\n<div class=\"one withbg\" style=\"background-image:url(http:\/\/holistimeli.com\/wp-content\/uploads\/2024\/11\/Holisti_Meli_BD-59-1.jpg);background-size:cover;background-position:center bottom;height:600px;position:relative;\"><\/div>\n<\/div>\n<div  class=\"one ppb_card_two_cols_with_image\" style=\"position:relative;padding:40px 0 40px 0;margin-top:60px;margin-bottom:60px;\" >\n<div class=\"standard_wrapper\">\n<div class=\"page_content_wrapper wide\">\n<div class=\"inner\">\n<div class=\"one_half parallax_scroll_image\" style=\"width:65%;\">\n<div class=\"image_classic_frame expand\">\n<div class=\"image_wrapper\"><img decoding=\"async\" src=\"http:\/\/holistimeli.com\/wp-content\/uploads\/2024\/11\/Holisti_Meli_BD-50-scaled.jpg\" alt=\"\" class=\"portfolio_img\"\/><\/div>\n<\/div>\n<\/div>\n<div class=\"one_half last parallax_scroll parallax_text\" style=\"width:40%;position:absolute;padding:40px;background:#fff;\" data-stellar-ratio=\"1.3\">\n<h2 class=\"ppb_title\" style=\"color:#efc7ab;\">Le Drainage Lymphatique<\/h2>\n<div class=\"ppb_header_content\">\n<p>Le drainage lymphatique Renata Fran\u00e7a est une technique de massage qui stimule la circulation pour d\u00e9toxifier le corps, r\u00e9duire les gonflements et favoriser la perte de cellulite aqueuse. Gr\u00e2ce \u00e0 des pressions sp\u00e9cifiques, il offre des r\u00e9sultats visibles d\u00e8s la premi\u00e8re s\u00e9ance, avec une silhouette affin\u00e9e et un corps all\u00e9g\u00e9. Ce soin renforce \u00e9galement l\u2019immunit\u00e9 et procure un profond bien-\u00eatre.<\/p>\n<p><a href=\"https:\/\/holistimeli.com\/index.php\/drainage\/\" title=\"En savoir plus\" rel=\"noopener\" target=\"_self\">En savoir plus<\/a><\/p>\n<\/div>\n<\/div>\n<p><br class=\"clear\"\/><\/div>\n<\/div>\n<\/div>\n<\/div>\n<\/div>\n<div class=\"divider one\">&nbsp;<\/div>\n<div class=\"standard_wrapper\">\n<div  class=\"ppb_image_boxed one_third\" style=\"margin-bottom:20px;\" >\n<div class=\"page_content_wrapper wide\">\n<div class=\"inner\">\n<div class=\"image_boxed_wrapper theme_radius\" style=\"text-align:center;>\u00ab\u00a0><img decoding=\"async\" src=\"http:\/\/holistimeli.com\/wp-content\/uploads\/2024\/11\/Holisti_Meli_BD-25.jpg\" alt=\"\"\/><\/p>\n<div class=\"image_boxed_content\" style=\"padding:30px;\">\n<h3>La R\u00e9flexologie Plantaire<\/h3>\n<p><a class=\"readmore\" href=\"https:\/\/holistimeli.com\/index.php\/reflexologie-plantaire\/\">En savoir plus<\/a><\/p>\n<\/div>\n<\/div>\n<\/div>\n<\/div>\n<\/div>\n<\/div>\n<div class=\"standard_wrapper\">\n<div  class=\"ppb_image_boxed one_third\" style=\"margin-bottom:20px;\" >\n<div class=\"page_content_wrapper wide\">\n<div class=\"inner\">\n<div class=\"image_boxed_wrapper theme_radius\" style=\"text-align:center;>\u00ab\u00a0><img decoding=\"async\" src=\"http:\/\/holistimeli.com\/wp-content\/uploads\/2024\/11\/Holisti_Meli_BD-50-scaled.jpg\" alt=\"\"\/><\/p>\n<div class=\"image_boxed_content\" style=\"padding:30px;\">\n<h3>Le Drainage Lymphatique<\/h3>\n<p><a class=\"readmore\" href=\"https:\/\/holistimeli.com\/index.php\/drainage\/\">En savoir plus<\/a><\/p>\n<\/div>\n<\/div>\n<\/div>\n<\/div>\n<\/div>\n<\/div>\n<div class=\"standard_wrapper\">\n<div  class=\"ppb_image_boxed one_third last\" style=\"margin-bottom:20px;\" >\n<div class=\"page_content_wrapper wide\">\n<div class=\"inner\">\n<div class=\"image_boxed_wrapper theme_radius\" style=\"text-align:center;>\u00ab\u00a0><img decoding=\"async\" src=\"http:\/\/holistimeli.com\/wp-content\/uploads\/2024\/11\/Holisti_Meli_BD-69-scaled.jpg\" alt=\"\"\/><\/p>\n<div class=\"image_boxed_content\" style=\"padding:30px;\">\n<h3>La Massoth\u00e9rapie<\/h3>\n<p><a class=\"readmore\" href=\"https:\/\/holistimeli.com\/index.php\/massotherapie\/\">En savoir plus<\/a><\/p>\n<\/div>\n<\/div>\n<\/div>\n<\/div>\n<\/div>\n<\/div>\n<div class=\"divider one\">&nbsp;<\/div>\n","protected":false},"excerpt":{"rendered":"<p>&nbsp; &nbsp; &quot;J&#039;aide \u00e0 am\u00e9liorer la vie quotidienne des femmes souffrant de douleurs physiques ou \u00e9motionnelles&quot; Je me pr\u00e9sente, je m&rsquo;appelle Melina, passionn\u00e9e par le bien-\u00eatre. En tant que r\u00e9flexologue plantaire, massoth\u00e9rapeute et praticienne certifi\u00e9e Renata Fran\u00e7a en drainage lymphatique [&hellip;]<\/p>\n","protected":false},"author":1,"featured_media":0,"parent":0,"menu_order":0,"comment_status":"closed","ping_status":"closed","template":"","meta":{"_monsterinsights_skip_tracking":false,"_monsterinsights_sitenote_active":false,"_monsterinsights_sitenote_note":"","_monsterinsights_sitenote_category":0,"footnotes":""},"class_list":["post-3232","page","type-page","status-publish","hentry"],"aioseo_notices":[],"_links":{"self":[{"href":"https:\/\/holistimeli.com\/index.php\/wp-json\/wp\/v2\/pages\/3232","targetHints":{"allow":["GET"]}}],"collection":[{"href":"https:\/\/holistimeli.com\/index.php\/wp-json\/wp\/v2\/pages"}],"about":[{"href":"https:\/\/holistimeli.com\/index.php\/wp-json\/wp\/v2\/types\/page"}],"author":[{"embeddable":true,"href":"https:\/\/holistimeli.com\/index.php\/wp-json\/wp\/v2\/users\/1"}],"replies":[{"embeddable":true,"href":"https:\/\/holistimeli.com\/index.php\/wp-json\/wp\/v2\/comments?post=3232"}],"version-history":[{"count":45,"href":"https:\/\/holistimeli.com\/index.php\/wp-json\/wp\/v2\/pages\/3232\/revisions"}],"predecessor-version":[{"id":3857,"href":"https:\/\/holistimeli.com\/index.php\/wp-json\/wp\/v2\/pages\/3232\/revisions\/3857"}],"wp:attachment":[{"href":"https:\/\/holistimeli.com\/index.php\/wp-json\/wp\/v2\/media?parent=3232"}],"curies":[{"name":"wp","href":"https:\/\/api.w.org\/{rel}","templated":true}]}}